 are the prime factors of x(4)?
2, 17
Let g(l) = 2*l + 35. Let p be g(-19). What are the prime factors of (-148)/p*(-3)/(-2)?
2, 37
Suppose 5*s - 2*y - 1837 = 0, 5*y = -4*s + 173 + 1323. What are the prime factors of s?
3, 41
Let c = 6 + -14. Let p be ((-7)/(-7))/(1/c). Let s = p + 13. What are the prime factors of s?
5
Let i(t) = 2*t**2 + t - 4. Let j be i(-5). Let s = 276 - 271. Let w = j + s. What are the prime factors of w?
2, 23
Let m = 1271 - -3279. List the prime factors of m.
2, 5, 7, 13
Let i(y) = -y. Let a(w) = -18*w - 1. Let k(x) = a(x) - 3*i(x). What are the prime factors of k(-1)?
2, 7
Let d(o) = -1 + o**3 + 3*o + 0 - 9*o**2 - o. What are the prime factors of d(9)?
17
Let x(w) = 9*w**2 - 20*w - 11. List the prime factors of x(-7).
2, 3, 5, 19
Let c(v) = 30*v**2 - 24*v + 19. List the prime factors of c(-9).
5, 13, 41
Let c be (-3)/((-3)/92) + 3. Suppose -3*i = 2*i - c. What are the prime factors of i?
19
Suppose 631 = 9*h - 8693. List the prime factors of h.
2, 7, 37
Let q = 2 - 0. Let v(y) = -9*y + q*y + y - 1. List the prime factors of v(-2).
11
Let r(h) = -13 + 3 - 2*h + 2*h + 2*h. Suppose 5*w - 2*w = 30. What are the prime factors of r(w)?
2, 5
Suppose 0 = 26*l + 5*l - 19964. What are the prime factors of l?
2, 7, 23
Suppose -3*q + 4 = 22. Let s = 66 + q. What are the prime factors of s?
2, 3, 5
Let c(t) = 732*t + 94. What are the prime factors of c(5)?
2, 1877
Let h(j) = -100*j - 6. Let o be h(-3). Suppose 3*d + 5*b = o, 4*d + 5*b = 2*d + 196. List the prime factors of d.
2, 7
Suppose -r - 2*c = -7, 2*c = 7*r - 2*r - 59. What are the prime factors of r?
11
Suppose 5*b - 3075 = 3*q, -5*b + 3*q = 4*q - 3055. What are the prime factors of b?
2, 3, 17
Let y = -50 + 26. Let o = y + 269. List the prime factors of o.
5, 7
Let p = 0 - -6. Let y = -57 + 54. What are the prime factors of ((-2)/p)/(y/234)?
2, 13
Let s = -3 + 3. Let u(g) = -g**3 - 7*g**2 + 8*g + 5. Let a be u(-8). Suppose v - 14 + a = s. What are the prime factors of v?
3
Let g = 486 - 54. What are the prime factors of g?
2, 3
Suppose 11*p + 63 = 184. Let y = 34 - p. List the prime factors of y.
23
Suppose 2*n - 4986 = -4*d, 2*d = -2*n + 163 + 2335. What are the prime factors of d?
2, 311
Suppose -q + 1404 + 791 = 4*g, -4*g = -4*q + 8860. List the prime factors of q.
3, 11, 67
Suppose -2439 + 14931 = 36*j. What are the prime factors of j?
347
Let i(h) be the first derivative of h**2/2 - h - 7. Let u be i(0). What are the prime factors of u/((-1)/(-3)) - -31?
2, 7
Suppose -46342 = -46*h + 17*h. List the prime factors of h.
2, 17, 47
What are the prime factors of (16/(-5))/(13/(-22035))?
2, 3, 113
Let v = -1162 - -2986. List the prime factors of v.
2, 3, 19
Let j(g) = 6*g - 4. Let y be j(2). Suppose -6*w + y*w - 6 = 0. Suppose -3*i = -4*t - 10 + 66, -5*t + 70 = w*i. List the prime factors of t.
2, 7
Let k(r) = r**2 + 4. Let v be k(-6). Let x = 59 - v. Let b = x + -14. What are the prime factors of b?
5
Suppose -11*q - 15 = -8*q. Let c(d) = -5*d - 5. Let a be c(q). List the prime factors of a + -3 + (2 - -2).
3, 7
Let y = 489 - -344. What are the prime factors of y?
7, 17
Let s be (-7024)/(-40) + -2*2/(-10). Suppose s = 2*t - 5*h - 329, -2*h = -t + 252. What are the prime factors of t?
2, 5
Let x be -2 + 3/(-3) + 3. Suppose 4*g + 94 = -3*q + 223, x = -4*g - 2*q + 126. Suppose -g = -5*b + 80. List the prime factors of b.
2, 11
Let m = 12 - 7. Suppose -m = -5*t + 10. Suppose -64 + 8 = -3*i - c, -4*i - t*c = -73. List the prime factors of i.
19
Let i(h) be the first derivative of h**3/3 + 11*h**2/2 + 5*h - 14. List the prime factors of i(-17).
107
Suppose 2*m + 7 = -2*z + 17, 0 = -3*z + 2*m - 10. Suppose -2*a + 8 = z, -4*a - 8 - 6 = -5*g. What are the prime factors of ((3 - g) + -12)*-1?
3, 5
Let y = 13 + -11. Let c be (-7)/(-14) + 3/y. Suppose 3*u - c*r = 62, u + 0*r = -3*r + 39. What are the prime factors of u?
2, 3
Let u(q) = 2180*q**2 + 6*q + 7. List the prime factors of u(-1).
3, 727
Let q(z) = 20*z**2 + 47*z - 135. List the prime factors of q(12).
3, 1103
List the prime factors of (21/6)/(14/2520).
2, 3, 5, 7
Let v(w) = -6*w**2 + 0*w + 5*w - 2 - 5*w**3 + 3*w**3 + 3*w**3. Let q be v(5). List the prime factors of q/4 - 33/(-2).
2
Let o(c) = -2*c**2 - 21*c - 6. Let j be o(-10). Let k be ((-1)/3)/((-9)/162). What are the prime factors of j/k + 157/3?
53
Let g(c) = -2*c + 5. Let v be g(0). Suppose -23 = -a - 5*b, -5*a + 94 = v*b - 121. Suppose 4*i + 18 = x, -4*x - x = i - a. What are the prime factors of x?
2, 5
Suppose 4*b + 14 = -0*u - 3*u, 5*u + b = -12. Let i be (5/(-10))/(u/(-8)). List the prime factors of i*(-3)/((-12)/(-64)).
2
Let s be (10/20)/(1/14). Let o = -8 + s. What are the prime factors of -34*(0 - o/(-2))?
17
Let b(c) = c**3 - 11*c**2 + 22*c - 1. What are the prime factors of b(13)?
7, 89
List the prime factors of 28158/36 - 4 - (-1)/(-6).
2, 389
Suppose -5*a + 3 = -3*v + 14, -11 = -4*v + 3*a. Suppose h = -4*h + 145. What are the prime factors of (5 + -4)*(h + v)?
31
Let a(m) = -m + 10. Let w be a(7). Suppose 51 = 2*n - 0*n - w*o, 0 = -2*n - o + 39. What are the prime factors of n?
3, 7
What are the prime factors of (1 + -2)/(5 - 12971/2594)?
2, 1297
Suppose 0*a + 1046 = 3*d + a, 0 = -3*d - 2*a + 1048. Let n = -34 + d. What are the prime factors of n?
2, 157
Suppose 0 = 4*f + 13 + 15. Let s be 159*(f/(-3) - 2). Let k = 78 - s. What are the prime factors of k?
5
Suppose 5*h + 4 = 7*h. Suppose h*t + 2*o - 101 = 29, -4*t + 3*o + 225 = 0. List the prime factors of t.
2, 3, 5
Let r(h) = h**2 - h + 1. Let t(s) = -s**2 + 20*s + 22. Let j(m) = 3*r(m) + t(m). What are the prime factors of j(-13)?
2, 71
Let m(j) = -115*j - 8. List the prime factors of m(-2).
2, 3, 37
Let s = 4 + -1. Suppose s*z = z + 34. Suppose -f + 14 = -z. List the prime factors of f.
31
Suppose -5*f + d = -f - 4221, -2106 = -2*f - 4*d. What are the prime factors of f?
5, 211
Let z be (-15)/(3*1/(-9)). Suppose -93 - z = -3*f. Suppose -3*i = -3*t + 2*t - 84, -4*t - f = -2*i. What are the prime factors of i?
29
Suppose 7*z - 6337 + 1451 = 0. What are the prime factors of z?
2, 349
Suppose 4176 = 4*n + i, n + 4*n + i - 5219 = 0. What are the prime factors of n?
7, 149
Let i = -61 - -59. What are the prime factors of (0 - -23*6)/((-3)/i)?
2, 23
Let y(h) = -4*h - 1. Let k(c) = c. Let l(r) = -2*k(r) + y(r). Let u be l(3). List the prime factors of (-21)/(-7) - (u - 1).
23
Suppose 0 = 2*w + 5*x - 7, -5*w + 0 = 5*x - 10. List the prime factors of -3 + 2 - (-28 - w).
2, 7
Let s(x) = -3*x**3 + 4*x**2 + 5*x + 12. List the prime factors of s(-5).
2, 3, 7, 11
Let r be ((-1)/(-2))/(3/18). Suppose 5*x = -s + 14, r*x + 2*s - 7 = -0. Suppose 2*a + x*a = 170. List the prime factors of a.
2, 17
Let w = -61 - -11. Let c be 120/w*(-280)/6. What are the prime factors of (15/10)/(3/c)?
2, 7
Let k = -933 + 2046. What are the prime factors of k?
3, 7, 53
Let f = -87 + 52. Let x = -192 + 133. Let n = f - x. What are the prime factors of n?
2, 3
Suppose -4*q - 20 = 0, 0*q + 3*q = 2*k - 501. List the prime factors of k.
3
Let h be (-4)/(-5) + (-103008)/(-40). Suppose j + h = 17*j. What are the prime factors of j?
7, 23
Let j = -397 - -761. What are the prime factors of j?
2, 7, 13
Let b(l) = 2*l**2 + 28*l + 7. Suppose -3*z + 0*z = 5*i + 63, 5 = i + 5*z. List the prime factors of b(i).
37
Let q(y) = 25*y + 28. List the prime factors of q(16).
2, 107
Let c = 1003 + 2470. List the prime factors of c/92 + (-2)/(-8).
2, 19
Suppose -3 + 9 = 2*s. Suppose -26 = r - s*r. List the prime factors of r.
13
Let q(m) = 5*m - 9*m + 4*m + m - 3. Let a be q(5). Suppose -5*p = w - 19 - 10, 3*w - a*p = 87. List the prime factors of w.
29
Let h = 35 + 25. Suppose 6*z - 3*z = -3*g - 24, -5*z - h = -5*g. List the prime factors of 4/z - (-144)/10.
2, 7
Let m be 8/(-6)*(7 + (-102)/12). What are the prime factors of 0 - (-176)/m - -4?
2, 23
Let y(w) = -23*w**3 - 16*w**2 - 3*w - 3. What are the prime factors of y(-5)?
3, 829
Let v(j) = j**2 - 2*j + 32. Let n(f) = f**2 - 11. Let k be n(-4). Suppose k*y + 0*y = 0. List the prime factors of v(y).
2
Let c(u) = u**3 + 8*u**2 + 6*u. Suppose -3*z = 4*j + 16 + 13, -2*j + 24 = -4*z. Let p be c(z). Let a = p + -5. What are the prime factors of a?
2
Let p = -687 + 1429. List the prime factors of p.
2, 7, 53
Let